*l + 1. Let c(f) = -52*f + 104. Let k be c(2). What is d(k)?
1
Let j(n) = n**3 - 7*n**2 - 11*n + 12. Suppose 0 = 2*b - 4*p - 32, 3*b - 6*b + 28 = -p. Calculate j(b).
-12
Let a(v) = 86*v - 162*v - 2 + 81*v - 2. Give a(2).
6
Let j(k) be the first derivative of 1/3*k**3 - 1 - 3*k - 5/2*k**2. What is j(-3)?
21
Let x(t) = t**3 - 34*t**2 + 32*t + 29. Let d be x(33). Let y(n) = -3*n**2 - 11*n - 5. What is y(d)?
-9
Suppose 3*b - 2*q = 59 + 123, 5*b = -5*q + 345. Let m = b + -42. Suppose 0 = 2*y + 5*s - m, -2*y + 15 = y + 3*s. Let d(j) = -j**2 + 1. Determine d(y).
0
Let h(v) = -v**3 - 6*v**2 - 5*v + 2. Let n be h(-5). Let a(x) = n - 8 + 4 - x. What is a(-7)?
5
Let c(g) = -g - 11. Let i be c(-5). Let w(r) = r**3 - r**2 - 10*r + 9. Let k(u) = -3*u**3 + 2*u**2 + 29*u - 26. Let l(h) = 6*k(h) + 17*w(h). What is l(i)?
9
Suppose 0 = 4*r - 2*r - 30. Suppose 0*o + r = -5*o. Let t(k) = 2*k**2 - 3*k - 3*k**2 + 188 - 184. Calculate t(o).
4
Let g(c) = 16*c**2 - 80*c - 5. Let y be g(5). Let x(j) = -j**3 - 6*j**2 - 5*j - 6. What is x(y)?
-6
Let x(m) = 3*m**2 + 4*m + 1. Let d(q) = q**2 + q. Let b(h) = -6*d(h) + x(h). Suppose -j = -6*j + 10. What is b(j)?
-15
Let t(p) be the second derivative of p**5/10 - 5*p**4/4 + 4*p**3/3 - 3*p**2/2 - 397*p. Calculate t(7).
4
Let m(y) = -y**3 - 4*y**2 + 2*y + 2. Let o be ((-108)/(-3))/((-6)/8). Let s = o + 50. Calculate m(s).
-18
Let u(a) = -10*a - 20*a + 28*a - 26 - 14. What is u(-18)?
-4
Let y(u) be the first derivative of -u**3/3 - 5*u**2/2 - 4*u + 2. Let w(x) be the first derivative of -x**3 - x - 4. Let m be w(1). Calculate y(m).
0
Let j(l) = -6*l - 48. Let w be j(-9). Suppose 6 = -4*i - w. Let d(p) = 2*p**2 - 3. Determine d(i).
15
Let k be ((-4)/14)/((-2)/28). Let y(j) = -9*j**2 + 0*j**2 - 2*j - j**3 + 2*j**2 + 6 - k*j. Let l be (-1 + -9)/((-20)/(-10)). Calculate y(l).
-14
Let i(g) = g**3 + 2*g**2 - 5*g - 4. Let l be 14/2 - (-5)/5*-10. Calculate i(l).
2
Let x(f) = f**2 - f + 1. Let a(n) = -n**2 - 4*n + 7. Let b(d) = a(d) + 2*x(d). Let s(g) = 3*g + 6. Let j be s(0). Determine b(j).
9
Let o(w) = 2*w - 14. Let q be o(6). Let p be -2 - q - (-4)/(-2). Let g(y) = -2*y**3 - 4*y**2 - 3*y. Determine g(p).
6
Let p(q) = q**2 - q + 1. Let s(k) = 4*k**2 + 2*k + 8. Let t(x) = 3*p(x) - s(x). Let w be 46/(-299) - (-28)/13. Let f = -6 + w. Give t(f).
-1
Let o(l) be the second derivative of -l**6/720 - l**5/30 + l**4/3 + 2*l. Let b(h) be the third derivative of o(h). Let k = 1 + 5. What is b(k)?
-10
Let n(t) = -18*t**2 - 6*t + 5. Let i(z) = 17*z**2 + 5*z - 4. Let m(j) = -5*i(j) - 4*n(j). Let d(u) = u**2 - 7*u + 7. Let c be d(6). Give m(c).
-14
Let q(j) be the second derivative of j**2 - 40*j - 1/12*j**4 + 1/2*j**3 + 0. Calculate q(7).
-26
Let f(t) be the first derivative of t**2 + 1 + 1/3*t**3 + t. Calculate f(-4).
9
Let z(a) be the first derivative of a**4/4 - 3*a**3 + 7*a**2/2 + 8*a + 54. Let r(w) = -w**3 + 8*w**2 - 6*w + 1. Let g be r(7). Calculate z(g).
0
Let i be ((-14)/12)/((-17)/51)*-2. Let s(l) = l + 8. Calculate s(i).
1
Let x(i) = -2*i**2 - 2*i - 1. Suppose 5*h - 13*h - 80 = 0. Let j = h + 8. Determine x(j).
-5
Let m(z) = -2 - 307*z + 157*z + 172*z. Give m(2).
42
Let h(g) = g**2 - 3*g - 3. Suppose -5*l + 42 = 3*z, 5*l = -4*z + 1 + 40. Suppose -45 = -0*w - l*w. Determine h(w).
7
Let n(i) be the first derivative of -i**3/3 + i**2 - 2*i - 4. Let v(k) = -3*k**3 + 3*k**3 + 2 + k**3 + 4*k**2. Let m be v(-4). What is n(m)?
-2
Suppose x - 25 = 4*g, -25 = g + 9*x - 13*x. Let n(l) = 2*l + 16. What is n(g)?
6
Let l be 1 + 1 - (-20)/(-5). Let g be 1*5/(-10)*l. Let t(u) = -12*u**2 + 2*u - 1. What is t(g)?
-11
Let d(m) = m**2 - 12*m + 13. Let j be d(11). Let q(b) = 3*b**3 + j*b - 6*b - 2*b**3 - 4*b**2 + 0*b. Calculate q(5).
5
Suppose 3*t + 15 = -3*x, -3*t + 1 = -3*x + 10. Let j(w) = -12*w + 0 + 1 + 14*w + 3. What is j(t)?
-4
Suppose -31*d + 12 + 81 = 0. Let p(b) = b**2 - b - 3. What is p(d)?
3
Let w = 8 - 5. Let h(t) = 2*t**2 - 38*t - 2. Let k(z) = -z**2 + 24*z + 1. Let g(u) = 2*h(u) + 3*k(u). Determine g(w).
-4
Let m be ((-14)/8)/((-5)/40). Suppose -3*j + 5*i - m = 0, -4*j - 2*i = -6 + 16. Let g(r) = -r**3 - 5*r**2 - 5*r - 3. Determine g(j).
-6
Let y(r) be the third derivative of r**5/60 + 7*r**4/24 + r**3 - 2*r**2. Suppose t = 2 + 2. Let f be -6 + (-12)/t - -3. What is y(f)?
0
Let m(s) = -3*s + 26 - s + s - 35. Determine m(-6).
9
Suppose 4*r = -4*u + 31 + 25, 0 = -r + 2*u + 14. Let f(x) = -x**3 + 15*x**2 - 15*x + 21. Let o be f(r). Let p(h) = -h**2 + 6*h - 1. Give p(o).
-8
Let q(h) = h - 10. Suppose -185*i + 2 = -184*i. Suppose i*s - b = -0*s + 11, 2*b = 5*s - 29. What is q(s)?
-3
Let n = 21 + -16. Let k(u) be the second derivative of u**4/24 - 2*u**3/3 - u**2/2 + 2*u. Let d(s) be the first derivative of k(s). Calculate d(n).
1
Let m(d) = -d**3 - 5*d**2 - 2*d - 1. Suppose l - 3*l + 3*p = 1, l = -5*p + 19. Suppose 5*u + 2*j = 2*u - 22, -l*u - 41 = 5*j. Give m(u).
-9
Let m(h) = -11*h**2 - h. Let u(x) = -8*x**2 - 2*x + 1. Let w(c) = -3*m(c) + 4*u(c). Determine w(5).
4
Suppose -2*h + 12 = 4*h. Let g = h - -3. Let a(m) = -m**3 + m**2 - 3*m + 3. Let y(s) = -s**3 - 3*s + 3. Let j(r) = 6*a(r) - 5*y(r). Give j(g).
13
Suppose 2*v = 3*r - 9, 5*v = 2*r + 11 - 6. Let j(d) = -3*d**v - 2*d - d**2 + 9*d**3 - d**3 - 1 - 3*d**3. Let s(p) = p. Let g be s(2). Calculate j(g).
7
Let x(v) = v**3 + 4*v**2 - 7*v - 2. Let p(a) = -2 + 0 + 4 - 3*a - 6*a + 2*a**2. Let i be p(6). Suppose 4*n + y + i = 0, 1 = -n - 2*y - 4. What is x(n)?
8
Let a(k) = 15*k + 17*k - 50*k + 13*k + 17 + 0. Give a(4).
-3
Let i(z) = 4*z - 1157*z**3 + 1156*z**3 - 7 + 2*z - 6*z**2. Give i(-7).
0
Let x = -121 + 123. Let u(p) = 6 + 6*p**2 - p**3 - 2 + 4*p**x - 9*p + 1. Determine u(9).
5
Let w(t) = -36*t**3 + t. Let x(d) = d**3 + 12*d**2 - 26*d + 29. Let b be x(-14). What is w(b)?
-35
Let q(a) = 41 + a - 42 + a**3 + 0*a**3. Let o be q(2). Let f(l) = -l**2 + 8*l + 10. What is f(o)?
1
Let n(s) = -3*s + 7*s**2 + 3 - s**2 - 7*s**2. Calculate n(-5).
-7
Suppose 0 = -107*p + 125*p + 18. Let f(l) = 6*l - 2. Determine f(p).
-8
Let c(q) = -q**3 - 7*q**2 + 8*q - 2. Let n be (2 - 0) + (30 - 2). Suppose f - 6*f - n = 0. Let z(l) = -l - 14. Let s be z(f). Determine c(s).
-2
Let g = 378 - 379. Let d(z) = -12*z**2 + 2*z + 1. What is d(g)?
-13
Suppose -7*s + 120 - 8 = 0. Let f(b) = -47 - b**2 - b + 21 + s + 13. Give f(-3).
-3
Let h(u) be the second derivative of 1/20*u**5 - 4/3*u**3 - 17*u + 0 - 2*u**2 + 5/12*u**4. Determine h(-6).
8
Let z(s) = s**3 - 3*s**2 - s + 3. Let j be 2 + (1/1)/(-1). Let a be (6 - (-1 + -1))/1 + -4. Let u be -1 + (a - j) + 1. Give z(u).
0
Let s(x) = -4 + 30*x - 83*x + 31*x + 23*x. Give s(12).
8
Let a = -1 - -3. Let h(x) = -6*x**2 + 3 - x**3 - 2*x + a*x. Let l(y) = 388*y - 1946. Let m be l(5). Determine h(m).
3
Let p = -228 + 233. Let d(w) be the first derivative of -w**4/4 + 5*w**3/3 - 2*w**2 + 6*w - 2. What is d(p)?
-14
Let u(w) = 4763 - 3*w**2 - 2*w - 4764 + 0*w. Suppose -q + 1 = -2*q. Determine u(q).
-2
Suppose 12 = -i - 3*i. Let k be 1/(1 + 3 + i). Suppose 0*u = c - u - k, u + 1 = 2*c. Let g(v) = v - 3. Give g(c).
-3
Let y(q) = -q**3 - 6*q**2 - 6*q. Suppose -20 = t - 3*c, 0 = 2*t + 4*c + c + 40. Let w = -25 - t. Let k be y(w). Let a(f) = f**2 - 8*f - 3. Give a(k).
-18
Let x(w) = -2*w + 13. Let o(l) = 3*l - 20. Let n(f) = 5*o(f) + 8*x(f). Let g be (-1)/(3/(-3))*7. Give n(g).
-3
Suppose 50 = 5*m + 135. Let p(o) = 23*o**3 - 5*o**2 + 29*o - 8. Let w(k) = -8*k**3 + 2*k**2 - 10*k + 3. Let u(t) = m*w(t) - 6*p(t). Determine u(-2).
5
Let t(r) = -r**2 - 65*r + 672. Let v be t(-74). Let o(h) = -3*h**2 + 6*h + 7. Give o(v).
-65
Let o(k) = -6*k**2 - 1. Let z(g) = -5*g. Let c be z(-1). Suppose 4*l - 5*l = -5. Suppose 3 = c*u + l*m - 2, 0 = 5*u - 2*m + 9. Give o(u).
-7
Suppose -n + 95 = 3*i + 31, -37 = -2*i + 5*n. Let k = i + -23. Let s(f) = -10*f - 3. Calculate s(k).
17
Let d(y) = -2*y - 4. Let l be d(-3). Let i(r) be the third derivative of 7*r**4/24 - r**3/6 - 47*r**2 - r. Determine i(l).
13
Let y(v) = 5*v**2 + 11*v - 6. Let g(d) = 7*d**2 + 11*d - 8. Let l(t) = -2*g(t) + 3*y(t). Calculate l(-10).
-12
Suppose 2 - 5 = z. Suppose d = -3*c + 5*c, -14 = -3*c - 2*d. Let s(h) = -2 + 2 + 4 + 3*h - c*h. Determine s(z).
1
Suppose -2*p - 12 + 1 = 3*w, 2*p + w = -1. Let s(a) = -a**2 + 2*a**2 - p - 22*a + 21*a. Su